 186?
62
Let n be (-2)/(-10)*21 + 14/(-70). Suppose -168 = -n*z + 3*v, -5*v + 111 = 5*z - 99. Calculate the highest common factor of 182 and z.
14
Let n be (-561)/(-68) + 1/(-4). Suppose 0 = d + 5*x + 4 + 8, -d = 3*x + n. Let k be 24 + 6 - (-6)/d. What is the highest common divisor of 9 and k?
9
Let l(a) = -4*a + 4*a + 0*a + 46 - 5*a. Let h be l(0). Suppose -16 = 5*q - h. What is the highest common divisor of q and 4?
2
Let f be 428/(((-92)/69)/(1 + (-231)/9)). Calculate the greatest common factor of 74 and f.
74
Let n = -53 + 133. Suppose 0 = -s - 4*s + n. Suppose 0 = -7*y + s + 208. What is the highest common factor of 32 and y?
32
Let u be 9/(-18)*(-1 - (1 - 2)). Suppose u = k + 2, 3*k = 5*p + 4*k - 173. Calculate the greatest common divisor of 21 and p.
7
Let v(n) = 68*n + 436. Let a be v(-5). What is the greatest common divisor of 6848 and a?
32
Suppose -28*s + 32*s = -4. Let z be (-2420)/(-66)*((-26)/(-4) - s). What is the greatest common divisor of 110 and z?
55
Let j be (-340)/24 + 3/18. Let a be (57 + -55)*j/(-1). Suppose 28 = 4*f - 0*f. Calculate the highest common factor of a and f.
7
Let r = 164 - 163. Let k(q) = 99*q**3 + 2*q - 1. Let y be k(r). What is the highest common factor of 80 and y?
20
Suppose -5*y - 47 - 2927 = 2*x, -x = -y - 592. Let j = y - -650. What is the highest common divisor of j and 88?
8
Let r = -338667 - -338715. Let b be (17 - -1)*1 - 0. Calculate the greatest common divisor of b and r.
6
Suppose 5*f - 320 = -5*v, 190 = 4*v - v + 4*f. Let s be 25/(300/144) - -10. Calculate the highest common divisor of v and s.
22
Suppose -4*r - 4*n + 6016 = 0, -55*r - 3014 = -57*r + n. What is the greatest common divisor of 3 and r?
3
Let j be -1 - (0/(-5) + -5 - -21). Let s = j - -28. What is the highest common factor of s and 187?
11
Suppose -2*x - 24 + 18 = 0. Let z be (6 + -3)/(x*(-1 - 0)). Let l(m) = -2*m - 1. Let r be l(-2). Calculate the highest common divisor of z and r.
1
Suppose -2*m = 3*x + 15 - 61, x + 3*m - 27 = 0. Suppose x*q - 528 + 120 = 0. Calculate the highest common factor of q and 34.
34
Suppose 32649 + 9183 = 14*u. Calculate the highest common factor of u and 108.
36
Suppose 28 = 2*x - 0*s - 2*s, 28 = 2*x - 4*s. Suppose -1599 = -3*k + 5*f, 5*k - 3*f - 1141 = 1476. Calculate the greatest common factor of x and k.
14
Suppose -r - 17 = -4*k - 77, 57 = r - 5*k. Calculate the greatest common factor of 9072 and r.
72
Suppose -447 + 42 = -10*y - 5. What is the highest common factor of y and 256?
8
Let z(j) = -17*j - 44. Let q(n) = -36*n - 87. Let a(l) = 6*q(l) - 11*z(l). Let c be a(-3). Calculate the greatest common divisor of 35 and c.
7
Let d be (-692)/10 + (-2)/(-10). Let t be 3/21 - d/7. Suppose -18 = -7*y + t. What is the greatest common factor of y and 1?
1
Suppose 0 = 3*i - b - 74, -13 = -3*i + 2*b + 60. Suppose -28*x = -i*x - 189. What is the greatest common factor of x and 72?
9
Let j(u) be the second derivative of 0 - 13/2*u**2 - 2*u - 10/3*u**3 - 1/12*u**4. Let h be j(-16). Calculate the highest common divisor of 17 and h.
17
Let n(j) = -2*j**3 + j**2 - j + 496. Let i be 1/(2 - -1) + (-95)/285. Let l be n(i). What is the highest common divisor of l and 31?
31
Suppose -1200 = -3*f - 2*l, -21*f - 780 = -23*f + 2*l. Calculate the greatest common divisor of 1716 and f.
132
Let r be -1 - -104 - (-4 + 8)/(-1). Suppose 4*n + q - 505 = 0, -r = 5*n - 2*q - 735. What is the greatest common factor of 315 and n?
63
Let c be (3/10*-2)/((-68)/340). Suppose 8 = -c*o + 12*x - 7*x, 3*o - 20 = -2*x. Suppose -5 = b - 41. What is the highest common divisor of o and b?
4
Suppose -2*y = -0*y - 60. Let r be (154/(-21))/((-5)/y). Calculate the greatest common divisor of 4 and r.
4
Let p be (-6)/15*42/56*-100. What is the highest common factor of 330 and p?
30
Let k be 2*(1 - 3)/((-4)/6). Suppose -i = -2*y + 10, 0 = -3*y - y - 5*i + k. Let g be 5/(y*(-2)/(-8)). Calculate the highest common divisor of 1 and g.
1
Let a(m) = m**3 - 11*m**2 + 5*m + 2. Let h be a(11). Suppose t - 48 = h. Calculate the highest common factor of t and 42.
21
Suppose m - 27 - 23 = -5*x, 0 = -2*m - x + 91. Calculate the greatest common divisor of 738 and m.
9
Suppose 759*f - 201*f = 244425 - 74235. What is the highest common divisor of f and 1647?
61
Let h be 37/7 - (-2)/(-7). Suppose -110 = -5*a - 4*c, h*c - 44 = -2*a - 0*c. What is the highest common divisor of 88 and a?
22
Let y be 0 + (4 + -4)/(0 + -1). Suppose -c + 5 + 12 = n, -4*n + 20 = y. Suppose -c*l - 330 = -14*l. Calculate the highest common divisor of 66 and l.
33
Let v(n) = -51*n**2 - 1696*n + 58. Let k be v(-27). Calculate the highest common factor of k and 299.
299
Let x be 85*(78 + -44 + (-1 - 6)). Calculate the highest common divisor of 510 and x.
255
Suppose 5*j - 1332 = -2*s, -s - 2008 = -4*s - 5*j. Calculate the highest common factor of s and 884.
52
Suppose -53*z - 1794 = -7*z. Let a be 3 + -1 + 13/(z/(-81)). Calculate the highest common divisor of 725 and a.
29
Let j = 53 - 25. Let p = 25744 + -25366. Calculate the greatest common divisor of j and p.
14
Let z = 338 - 330. Suppose -3*v - v - 12 = 0, 3*v = 5*n - 9. Suppose -5*w + 19 = -n*u - 3*u, w = -4*u - 10. What is the greatest common divisor of w and z?
2
Let s = -445 - -461. Let i = 14 + -14. Suppose i = 5*v - 1 - 9. Calculate the greatest common divisor of v and s.
2
Let b(m) = -66*m**2 + 7. Let x(u) = 133*u**2 - 2*u - 14. Let t(w) = -7*b(w) - 3*x(w). Let k be t(1). What is the highest common factor of 31 and k?
31
Suppose -5*x - 552 = -10*x - 2*v, -3*x = 2*v - 332. Suppose 159 - 27 = y. Calculate the highest common factor of x and y.
22
Let b = 2941 + -2221. What is the greatest common divisor of b and 80?
80
Suppose -224 = -570*d + 572*d. Let p be (-6)/(-8) - 28/d. What is the greatest common factor of p and 49?
1
Suppose -191 = -5*q - 4*t, -148 = -4*q - 8*t + 6*t. Calculate the highest common divisor of q and 595.
35
Suppose 2*f - 9 = 5*t, 2 = -f - 4*t - 0. Suppose -f*n + 0*w + 2*w = -8, w + 4 = -4*n. Suppose -4*a + 55 - 19 = n. What is the highest common factor of a and 72?
9
Suppose 8*w - 96 = -8*w. Let m be 8/16*w + -2 + 5. Calculate the highest common divisor of 174 and m.
6
Let z(r) = -2*r + 12. Let g be z(5). Suppose -5 + g = -o. Suppose a + 1 = o. Calculate the highest common divisor of 18 and a.
2
Let f = -39 - -57. Suppose 3*g - 106 = -3*q + g, -22*q - 3*g = -789. Calculate the highest common divisor of q and f.
18
Let g be (-30)/65 - 44620/(-65). Calculate the highest common divisor of g and 28.
14
Suppose -3*g + p - 3*p = -84, -g + 39 = -3*p. Let q = -18 + 12. Let y be 1/q + (-85)/g - -45. Calculate the highest common divisor of 63 and y.
21
Let h be 6039/(-4026) - ((-3426)/4 - -1). What is the highest common factor of 252 and h?
14
Let g(t) = -4*t**2 + 27*t + 74. Let h be g(8). Calculate the greatest common divisor of 2754 and h.
34
Let i be 116/(-754) - 134929/(-13). Calculate the highest common factor of 291 and i.
97
Suppose -13*f = -87 + 35. Suppose -m = f*q + 3*m - 320, -m = 2*q - 157. What is the greatest common factor of 7 and q?
7
Suppose -8361 = -2*p - 2*p + 16335. Calculate the greatest common factor of p and 18.
18
Suppose 36*o - 974 - 1469 = 1085. What is the highest common divisor of o and 2646?
98
Suppose -d - 61 = -4*s + 6*s, s + 2*d = -38. Let o be ((-63)/s)/((-9)/(-192)). Calculate the greatest common divisor of 48 and o.
48
Let s = -13 + 43. Suppose l + 10*d - 24 = 7*d, 5*l + 2*d - 94 = 0. Suppose 17*a - 2 = l*a, 5*i = -a + 748. What is the greatest common divisor of s and i?
30
Let b be -1 + (-1)/((-1)/2). Let y(s) be the second derivative of 3*s**5/5 + s**2/2 - 94*s. Let m be y(b). What is the highest common divisor of m and 143?
13
Let g(x) = -13*x**2 - 80*x + 86. Let b be g(-7). What is the greatest common divisor of b and 27828?
9
Let s(z) be the third derivative of -5*z**4/4 - 21*z**3 + 35*z**2. Let x be s(-6). Calculate the greatest common factor of x and 36.
18
Let c be (0 + 18)/((-22)/(-44)). What is the highest common factor of c and 3951?
9
Let t be ((-546)/52)/((-2)/12). Let k = -367 + 472. Calculate the greatest common divisor of k and t.
21
Let f(b) = -2*b - 10*b**2 - 8*b - 3 + 11*b**2 + 2*b. Let z be f(11). Suppose 9*k - 4*k - 60 = 0. What is the highest common divisor of 